a) = -2*a**3 + 2*a**2 + a + 2. Let x = 453 - 451. Let k be (-1*x/(-7))/((-32)/(-224)). Determine r(k).
-4
Let j(c) = 0*c**3 + c**2 + c**3 + 7*c - 3*c - 6*c**2. Suppose 0 = -14*i - 590 + 646. Determine j(i).
0
Let w = 359/3 - 7177/60. Let b(h) be the second derivative of -7/6*h**3 + 0*h**2 - 5/12*h**4 + 0 + 6*h + w*h**5. Give b(6).
-6
Let d(a) = -2*a**2 - 6*a - 22. Let z be 3 - (-112)/12*4/((-64)/12). Give d(z).
-30
Let g(j) = 2*j**2 + 3*j - 5. Suppose 4*z - 4*x + 346 = 6*z, 4*x = 4*z - 716. Suppose -167*m + z*m + 40 = 0. Give g(m).
15
Let u(y) = -y + 8. Let t be u(6). Let p(g) = 3 + t + g + 3*g - 3*g. Suppose 0 = 2*z - 5*w + 28, -3*z + 8 = 285*w - 280*w. Calculate p(z).
1
Suppose q = -0*q + 5*t + 9, -12 = 4*t. Suppose -2*y + 16 = -0. Let l(b) = -127*b**2 + b**3 - 2*b + 0*b**3 + y + 132*b**2. What is l(q)?
-16
Let l(b) = 11*b**2 + 2*b - 1. Suppose -2*x + 0*x + 5*v = 23, -2*v - 2 = 2*x. Let p be (x/6)/((-4)/6)*5. Suppose 11*u = 6*u + p. Give l(u).
12
Suppose 0 = -3*f + 321 - 315. Let b(q) = -5 - q - 3*q**2 + 6*q**2 + q**3 + 2 - q**f + 5. Suppose -4*z + u = 10, 5*z + 3*u + 21 = -0*z. Give b(z).
-4
Let u(i) be the third derivative of 3*i**2 - 1/360*i**6 + 0*i + 0*i**3 + 0 - 1/40*i**5 + 11/24*i**4. Let s(g) be the second derivative of u(g). Calculate s(3).
-9
Let y(b) be the first derivative of -3*b**2/2 + 27*b - 4054. What is y(0)?
27
Suppose -5*k = 4*b - 20, 6*k - 3*b = 11*k - 20. Suppose -179*v + k = -183*v. Let p(d) = -22*d**3 + d**2 - 2*d - 2. Calculate p(v).
23
Let w(c) = c**2 + 5*c + 4. Let u be w(-6). Suppose 3*g - 13 = -5*m, -2*m - 3*g - 37 = -7*m. Suppose -u - 20 = m*r. Let k(v) = v**2 + 4*v + 1. Give k(r).
13
Let l be 2*-2 + (-114)/57. Let b(f) = f - 1. Let a(t) = -6*t + 6. Let c(r) = a(r) + 2*b(r). Give c(l).
28
Let g(o) = -o**3 - 11*o**2 + 11*o - 2. Let x(m) = 2*m**3 + 22*m**2 - 23*m + 4. Let i(q) = 5*g(q) + 2*x(q). Give i(-12).
34
Let m be (510/(-272))/(15/(-40)). Let h(v) = -v**3 + 11*v**2 + 4*v - 14. What is h(m)?
156
Let t(l) = -2*l**2 - 2*l + 13. Let g = 17115 + -17120. What is t(g)?
-27
Let k(d) be the first derivative of 2*d**3/3 - 26*d**2 - 50*d - 1182. Give k(27).
4
Let b = -463 + 460. Let t(o) = -19*o + 3*o**2 - 18*o - 7 + 37*o. Calculate t(b).
20
Suppose 5*l + 1 + 3 = 3*h, 2*l = 3*h - 16. Let q(x) = 19*x**2 + 3*x + 6. Let y(f) = -32*f**2 - 2*f - 12. Let c(r) = 5*q(r) + 3*y(r). Determine c(h).
2
Let r be (-8487)/(-759) - 2/11. Let s(f) = -4*f + 26. What is s(r)?
-18
Let a(k) be the second derivative of -3*k + 1/12*k**4 + 0*k**2 + 3/2*k**3 + 1/120*k**5 + 0. Let h(m) be the second derivative of a(m). Calculate h(-1).
1
Let y(p) = -p + 8. Let o(v) = -8*v - 47. Let k be o(-11). Suppose -k = -5*q + 3*w, 3*w - 26 - 23 = -4*q. Determine y(q).
-2
Suppose 44*v - 97 = 35. Let f(x) = 4 + 2*x - 4 + 4 + 0*x - 2*x**v - 5. Give f(-2).
11
Let w be -3*20/6 + (35 - 13). Let y(c) = -6*c + 35. What is y(w)?
-37
Let x(a) = 2*a. Let j(i) = -16*i - 11*i + 1 + 7*i - i. Let u(w) = j(w) + 5*x(w). Let b(s) = s + 6. Let r be b(-7). What is u(r)?
12
Let z(d) = d**3 + d - 1. Suppose -j = c, 0 = 5*c - 29 + 4. Let n(k) = -6*k**3 - k**2 - 6*k + 6. Let m(x) = j*z(x) - n(x). What is m(1)?
2
Suppose -15*h + 18*h - 109 = -5*i, -92 = -4*h + 4*i. Let f(t) = -3*t + 79. Determine f(h).
-5
Let c(g) = g**3 + 2*g + 1 + 1 - 6 + 5*g**2. Let b(i) = -i**2 + 26*i + 31. Let u be b(27). Suppose 5*v = 7*n - 8*n - 3, 2*v = u*n + 12. What is c(n)?
8
Let x(r) = 80*r - 2*r**2 - 14*r + 38 + r**2 - 16*r - 39*r. What is x(14)?
-4
Let w(v) be the first derivative of -6*v**2 + 0*v + 3/8*v**4 + 18 + 7/6*v**3 + 1/60*v**5. Let l(x) be the second derivative of w(x). What is l(-8)?
-1
Let p(s) be the third derivative of s**4/4 - 2*s**3 + 5*s**2 + 66*s - 1. Give p(4).
12
Let k(n) = -3*n + 1. Let q be (45/(-6))/(-5)*2. Let c(h) = 6 + 10 + 14 - 31. Let y(p) = q*c(p) + k(p). Calculate y(-2).
4
Let h(m) = -11*m + 1. Let v = -928 + 543. Let d = 387 + v. Calculate h(d).
-21
Let r(d) = -7*d + 2. Let m(n) be the first derivative of 4*n**2 - 2*n + 13. Let o(p) = -6*m(p) - 7*r(p). Determine o(-2).
-4
Let s(w) = 1486*w - 295*w - 296*w - 303*w - 294*w - 3 - 299*w. Let q = -2 - -13. Determine s(q).
-14
Let i(s) = -8*s - 2. Let r(j) = -9*j**2 - 2. Let w be r(-4). Let q be w/(-3) + (-12)/(-9). Suppose q = -5*g + 40. Calculate i(g).
14
Let i(z) = -2*z**2 - 5*z - 6. Let g be -5 + 1 - ((-460)/(-276))/(10/(-24)). Give i(g).
-6
Let i(t) = -t**2 + 21*t + 22. Let k = 21271 + -21249. What is i(k)?
0
Suppose -i + 3 = -4*i. Let q be 8 - (1 + 2 + 3). Let s(m) = 23 - 16 - 10*m**q + 2*m - 6. Give s(i).
-11
Suppose 0 = 6*c - 4*c - 4. Suppose -c = f - 2*f. Suppose -2*u + 4 = f*p, p + 2*u = 2*p + 1. Let l(z) = 4*z - 1. Calculate l(p).
3
Let v(p) be the first derivative of 14*p - 1/3*p**3 - 5*p**2 + 84. What is v(-11)?
3
Suppose 3*r - 5 = -3*h - 2, -22 = -4*r + 5*h. Let m(o) = -23*o**2 + 12*o - 57. Let v(z) = -3*z**2 + z - 7. Let d(x) = -m(x) + 8*v(x). What is d(r)?
-20
Let s be 1*(0 + 1/1). Let i(n) = 18926 + 10*n**3 + n**2 + 2*n**3 - 18926. Calculate i(s).
13
Let p = -277 - -275. Let f(i) = -i**2 + 10*i - 3. Let o(n) = 4*n**2 - 40*n + 12. Let j(h) = p*o(h) - 9*f(h). Calculate j(10).
3
Let z(o) = o**3 + 19*o**2 + 28*o + 173. Let w be z(-18). Let l(f) = -f**3 - 6*f**2 + 7*f + 7. Give l(w).
7
Let h(r) be the second derivative of 0 - 1/2*r**3 + r - 4*r**2. Let v(s) = s**2 + 210*s + 5834. Let m be v(-33). Determine h(m).
13
Let j(h) be the first derivative of h**4/2 - 5*h**3/3 + 7*h**2/2 - 18*h + 3292. What is j(4)?
58
Let s(m) = -m**3 + 11*m**2 - 10*m + 103. Suppose -112*t - 3377 = -419*t. What is s(t)?
-7
Let j = 201 + -198. Suppose -25 + 65 = -4*f - 3*p, 0 = -j*f - p - 25. Let o(z) = -z**2 - 8*z. Give o(f).
7
Let i(h) = h**2 - 3*h - 4. Suppose 6*t - 21 = 3*t - 3*u, -5*u = -2*t - 7. Let k be i(t). Let f(s) be the first derivative of s**3/3 + 8*s + 5219. Give f(k).
8
Let p(q) = -q**2 + 11*q + 5. Suppose 3*a - 3*z - 22 = 2, -5*a + 50 = -3*z. Suppose 3*c - 9 - a = -n, 6 = -3*n. Give p(c).
29
Let n(c) = 2*c + 105*c**3 + 4*c**2 - 159*c**3 + 9 + 53*c**3. Give n(4).
17
Let d(f) be the second derivative of f**6/120 - 7*f**5/60 - 2*f**3/3 + 82*f**2 - 29*f - 2. Let h(c) be the first derivative of d(c). Calculate h(7).
-4
Let x(i) = -i**2 - 13*i - 11. Let z be 8/(-44) + (-4)/(-22). Let d be 8/52 - z - 580/52. Calculate x(d).
11
Suppose -8*b + 23*b = 60. Let i(l) = 11*l**3 - 4*l**2 + 8*l**2 + 3 + b*l - 10*l**3. What is i(-2)?
3
Let d(z) = -3 - 2 - 4*z + 3. Let l be ((6/(-4))/(279/(-2604)))/(-3 - -1). What is d(l)?
26
Let o be (-3 + 1)/(6/21). Let b(j) = 5*j**3 + 3*j + 4. Let i(r) = 16*r**3 - r**2 + 10*r + 13. Let u(m) = o*b(m) + 2*i(m). Give u(-2).
16
Let g be (5 + -9 - -2 - 13)*(2 + -1). Let t(n) = -n**3 - 14*n**2 + 16*n + 20. Calculate t(g).
5
Let s = 32 + -26. Let b be 12/7 + (-2)/(-7). Let a(t) = -2 - s + t - b. Calculate a(0).
-10
Let c(z) = 14*z - 155. Let k(h) = -6*h + 71. Let v(r) = 4*c(r) + 9*k(r). Give v(-13).
-7
Let n(q) = -q - 1. Suppose 6*j - 20 = 22. Suppose 0 = 17*h - j*h + 60. Give n(h).
5
Let v(i) be the first derivative of 81*i**2/2 - 311*i - 8564. Calculate v(4).
13
Let k = 56 + -59. Let n(g) = 7*g**2 + g + 10. Let m(y) = -3*y**2 - y - 5. Let o(w) = -5*m(w) - 2*n(w). Calculate o(k).
5
Let h(a) = -a**2 + 2*a + 8. Suppose 26*y - 21*y = 0. Suppose 5*s = 3*m - 25 + 45, y = 3*m. Calculate h(s).
0
Let z(l) = 1236*l - 90. Let h(g) = 227*g - 18. Let u(i) = -11*h(i) + 2*z(i). Determine u(2).
-32
Let c(g) = 4*g**3 + 2*g**2 - 1. Let x(a) = 8*a**2 + 48*a + 39. Let j be x(-1). Calculate c(j).
-3
Suppose -2 = -8*a + 14. Suppose -10 = -0*s + a*s, 0 = -2*i + s - 47. Let g = 30 + i. Let o(q) = q**3 - 5*q**2 + 3*q + 2. Calculate o(g).
-2
Suppose 54 = -5*u + 14*u. Let j(g) = 16*g**2 - 8*g + 15 - 53*g**2 + 16*g**2 + 22*g**2. Determine j(u).
3
Let x(p) = 26*p - 26. Let z(o) = -575*o + 580. Let r(j) = -45*x(j) - 2*z(j). Calculate r(0).
10
Suppose 4*h = -4*k + 20, 4*h + 37*k - 42*k = 83. Let w(b) = -b**2 + 4*b - 2. Give w(h).
-98
Let m(l) = -34*l**2 - 38 + 24 - l - 5*l + 11*l**2 + 20. Determine m(1).
-23
Let n(a) = -a**2 - 12*a + 9. Let r be 1806/(-215) + 36/(-60). Determine n(r).
36
Let f(x) = 445*x - 9342. Let o be f(21). Let u(h) be the third derivative of -1/6*h**o - 1/60*h**5 + 30*h**2 + 0*h - 7/24*h**4 + 0. Calculate u(-8).
-9
L